 v(7). Determine g(m).
2
Let r(n) = n**3 + 2*n**2 - n - 1. Let x be 3*(-2 - -1) + (19 - 17). Calculate r(x).
1
Let n(b) = 30*b**2 + 3*b - 2. Let z be n(1). Let j(m) = -33*m + z*m + 1 - 3 - 2*m**3 + 4*m**2. Determine j(2).
-6
Let y = 2 - 0. Let z = 3 + y. Let r(v) = v**3 - 4*v**2 - 5*v + 7. Calculate r(z).
7
Let r(w) be the first derivative of -3 + w - 4/3*w**3 + 0*w**2. Give r(1).
-3
Let v be 0 + -1 - (-7 - 0). Let r(h) = -4*h - 14 + 16 + 3*h. Give r(v).
-4
Let z(r) = 0 + 3*r - 2 - 79*r**2 + 81*r**2. What is z(-3)?
7
Let t(y) be the first derivative of 0*y + 2 - 1/2*y**2. Determine t(2).
-2
Let n(u) = 10*u - 1. Let q be -7*((-60)/(-35))/(-6). What is n(q)?
19
Let i(h) be the first derivative of h**4/4 + h**3/3 - 3*h**2/2 - h - 5. Determine i(-2).
1
Let y(j) = -2*j - 1. Let v(h) = -1. Let s(i) = -4*v(i) + y(i). Give s(6).
-9
Suppose 2*q + 1 = 3. Let o be ((-3 - 0) + q)*-2. Let v(b) = o*b**3 + 4*b**3 - 3*b**3. What is v(1)?
5
Let f(j) be the second derivative of -2*j**3/3 + j**2/2 + 27*j. What is f(6)?
-23
Let m(g) = 2*g**2 - 6*g + 4. Let o(v) = v**2 + v - 1. Let t(p) = m(p) + 2*o(p). Calculate t(2).
10
Let s(h) = -h**3 - 5*h**2 - 5*h. Let f be s(-4). Suppose 0 = -l - 5*a - 15, a - 9 = -l + 2*a. Let q = l - f. Let r(g) = g. Determine r(q).
1
Let b(u) = 9 - u + 0*u - 3. Let o be b(0). Let i(s) = s**2 - 7*s - 1. What is i(o)?
-7
Let r(o) be the third derivative of 1/24*o**6 + 1/6*o**3 + 0*o + 0 - 6*o**2 + 1/60*o**5 + 1/24*o**4. Suppose 4*i - 6 = -2*h, -i = 4*h - 0 - 19. Calculate r(i).
-4
Let l(w) = -w**3 + 3*w**2 + w - 7. Let a be (-1)/3 + 80/15. Suppose 3*q = a*q - 6. Let x(d) = d**3 - 2*d**2 + 6. Let r(s) = q*l(s) + 4*x(s). Give r(-2).
-7
Let r(v) be the third derivative of v**4/8 + v**3/6 - 2*v**2. Let o = 3 + 3. Let g = o - 4. Give r(g).
7
Let b(f) = f**3 + 4*f**2 + 4*f + 6. Let m be (-4)/((-4)/(-5)) + 1. Determine b(m).
-10
Let j = -5 + 8. Let v(m) be the first derivative of m**7/840 - m**6/180 - m**5/24 + m**4/6 - m**3 + 1. Let o(a) be the third derivative of v(a). Determine o(j).
-2
Suppose 18 = -4*m + 2. Let k(y) = y**3 + y**2 + y + 1. Let w(j) = -4*j**3 - j**2 - 5*j - 4. Let n(o) = 5*k(o) + w(o). What is n(m)?
1
Let x(l) = -2*l**2 + l - 6. Let v(p) = -5*p**2 + 2*p - 18. Let a(y) = 3*v(y) - 8*x(y). Calculate a(5).
9
Let t(p) = -3*p**3 + 2*p - 1. Let s(m) = -m**2 - 12*m - 7. Let w be s(-11). Let g be w/3 + (-3)/9. What is t(g)?
-2
Let u(j) = 2*j**2 + 2*j - 1. Let p be u(-2). Let g(x) = x + 3*x - p*x - 6. Give g(4).
-2
Let x(l) = -6*l - 6. Let p(u) = 7*u + 7. Let i(k) = -5*p(k) - 6*x(k). Give i(-3).
-2
Suppose 3*n - 3*b - 12 = 0, 4*n - 2 = 3*n + 3*b. Let v(d) = d**2 - 6*d. What is v(n)?
-5
Let l(g) = 1 - 3*g - 3 + 7*g + g. Give l(3).
13
Let m(f) = 4*f**3 - f. Let n be (20 + -18)/(2/1). Give m(n).
3
Let t(q) be the first derivative of q**4/4 - q**3 - 2*q**2 - 2*q + 55. Suppose 0 = -5*i + 24 - 4. Calculate t(i).
-2
Let c(u) = -11*u + 3. Let k(o) = -o + 1. Let w(d) = c(d) - 3*k(d). Let y = -2 - -5. Let s be y/(-2)*(-4)/6. Calculate w(s).
-8
Suppose -10 = -5*l, 8*n = 3*n + l + 23. Let g(y) = y**3 - 6*y**2 + 4*y + 2. Determine g(n).
-3
Let i(v) = 4*v**2 + 3*v - 7. Let l = -3 - -3. Suppose l + 12 = -4*f. Let p(n) = 5*n**2 + 4*n - 7. Let o(w) = f*p(w) + 4*i(w). Determine o(0).
-7
Let n(j) = -4*j - 88 + 3*j + 84. Give n(-4).
0
Let k(f) = -11*f**3 + f - 9*f**3 + 6*f**2 + 21*f**3. Determine k(-6).
-6
Let m(t) be the third derivative of t**7/2520 - t**6/180 - t**5/40 - t**4/12 + 3*t**2. Let h(u) be the second derivative of m(u). What is h(5)?
2
Let w = 4 - 9. Let s(p) be the first derivative of p**5/20 + 5*p**4/12 - p**3/2 - 7*p**2/2 - 6*p - 3. Let x(n) be the first derivative of s(n). Calculate x(w).
8
Let m(q) be the first derivative of 3*q**2/2 + 1. What is m(1)?
3
Let s(p) = p**2 - 4*p. Suppose -2*j - j - 4 = 2*k, 3*j = -12. Let f be s(k). Let w(o) = f + 7*o**2 + o**2 - 1. What is w(-1)?
7
Let m(u) = 4*u - 3 + 1 + 4 - 5*u - u**2. Let b be (0 - 0)/(5 - 2). What is m(b)?
2
Let g(h) = -h + 11. Let n be (-3 + 4)/(2/(-38)). Suppose -5*r - 5 = -4*r. Let z be r/(-20) - n/4. Give g(z).
6
Let y(o) = -5*o + 17*o - 6*o - 8 - 7*o. What is y(-12)?
4
Let c(w) = -w**2 + w - 1. Let o(i) = i**3 - 8*i**2 + 2. Let f be o(8). Suppose -3*y + 4*t - 6 = -f, y = -4*t + 4. Suppose 0*u - 2*u = y. Give c(u).
-1
Suppose w = -f + 3*f - 7, -w = -5*f + 19. Let q = w + -5. Let n(m) = m**2 + 3*m + 1. Determine n(q).
5
Let w(f) = -f**2 - f. Suppose -3*p - 23 = -0*b + 5*b, 2*b = -p - 9. Let v(x) = -x - 1. Let a(y) = p*v(y) + w(y). Determine a(-1).
0
Let u(m) be the second derivative of 35*m**4/12 - m**3/6 + m**2/2 - 25*m + 1. Calculate u(1).
35
Suppose b - 4 = -3*b. Let k(g) = b + 4*g + 0*g + 0*g - 2*g. Give k(-3).
-5
Let a(y) = -2*y**3 - 4*y**2 + 2*y + 2. Let s(k) = -2*k**3 - 3*k**2 + 2*k + 1. Let x(b) = 4*a(b) - 5*s(b). What is x(2)?
11
Let l(v) be the third derivative of v**4/12 - 7*v**3/6 - 52*v**2. What is l(11)?
15
Suppose 5*j + 0 - 35 = 0. Let d(b) = -5*b + j*b + 8*b + 4*b. Determine d(-1).
-14
Let y be (6/(-15))/((-2)/90). Let r = y + -12. Let u(o) = -o**2 + 5*o + 2. Determine u(r).
-4
Let s(y) = -y**3 + 6*y**2 + 7*y + 1. Suppose 4*p = -20, 0 = -2*g + g - 5*p - 18. Calculate s(g).
1
Let b(o) = -o**3 - 6*o**2 + 9*o + 9. Suppose -5*l = -l + 4*a, 0 = -a - 4. Suppose -l*g + 3 = 31. Give b(g).
-5
Let r(n) = -n**2 - 3*n. Let j be r(-2). Let l(a) = -9*a + 3. Give l(j).
-15
Let c(q) = -q**2 + 3 - q**3 - q**2 - 3*q - 3*q**2. Suppose 2*o = 11 - 17. Calculate c(o).
-6
Let w(f) be the second derivative of f**3/6 - f**2/2 - 9*f. Give w(-5).
-6
Let o(y) = -y**2 + 6*y - 3. Let j(h) = -h + 9. Suppose 3*n - 17 = -5. Let g be j(n). Calculate o(g).
2
Suppose -5*k + 0 = -2*i - 1, -i = -4*k + 5. Let y(n) = -i*n**3 + 2*n + 2*n - 3*n + n**2. Suppose -r - r + f = 0, -2*r = 3*f + 8. Determine y(r).
7
Let s(h) = -17*h - 5 + 18 + 4. Let k(u) = -4*u + 4. Let p(l) = -9*k(l) + 2*s(l). What is p(5)?
8
Let b(p) = -2*p + 1. Let k be 3 + (2 - -1)*2. Suppose -2*c + 4*y + 16 = -3*c, 4*c + 5*y + k = 0. Determine b(c).
-7
Let x(a) = 6*a + 4. Let m(g) = 9*g + 6. Let h = 12 - 5. Let u(l) = h*x(l) - 5*m(l). Calculate u(-3).
7
Let d(z) = 7*z + 10*z + 9*z**2 - 19*z + 3*z. Determine d(1).
10
Let u(f) = 2*f - 3. Let o(a) = -5*a + 8. Let c(k) = -k**2 + 3*k + 2. Let j be c(5). Let t(i) = j*u(i) - 3*o(i). Suppose -3*p + 4 = 1. What is t(p)?
-1
Let r be (-6)/(-4)*(-3 - -5). Let a(k) = -4*k**3 + r + 4*k**3 - k + k**3 - k**2 - 2. Determine a(0).
1
Let f(n) be the second derivative of n**4/24 + n**3 - 3*n**2/2 + 2*n. Let g(i) be the first derivative of f(i). Suppose -y - 12 = 2*y. Give g(y).
2
Let t be 15/3 + (-4 - -5). Let x = t - 4. Let v be x/(-4)*2*4. Let p(j) = -j**2 - 5*j - 3. Calculate p(v).
1
Suppose 3 = 3*r + 18. Let a(c) = c**2 + 3*c - 7. What is a(r)?
3
Suppose 14 = 3*f - 25. Suppose -5*n = -4*g + 23, 5*g + n - 2*n = f. Let v(t) = t**3 - t**2 - 2*t - 1. Determine v(g).
-1
Let v(x) = -4*x + 234 + x**2 - 466 + 234. Let k be ((-2)/1)/((-8)/12). Determine v(k).
-1
Suppose -4*b = 4 - 0. Let h(n) = -n + 1. Let d(y) = 4*y - 3. Let i(l) = 2*d(l) + 6*h(l). What is i(b)?
-2
Suppose -16 = 3*x + 4*m, -5*m - 1 = x - 3. Let v = x + 11. Let t(j) = -j**3 + 4*j**2 - 4*j + 2. What is t(v)?
-1
Let q(k) = k**3 + 6*k**2 + 4*k - 4. Let i(j) = -j - 8. Let b be i(-3). Give q(b).
1
Let t(g) = -4*g**2 + g. Suppose 3*l - 2*l = 4. Suppose 0*f = 4*f - l. What is t(f)?
-3
Let j(l) = l**3 + 7*l**2 + 8*l - 8. Let w be j(-5). Suppose y = -4*y + 10. Let u(c) = 3*c**2 + 4*c**2 - 2*c - 5*c**y. Calculate u(w).
4
Let p = -8 - -7. Let i(k) = -12*k**2 - 10*k - 10. Let y(b) = 4*b**2 + 3*b + 3. Let a = -8 + 11. Let x(l) = a*i(l) + 10*y(l). Give x(p).
4
Let r(t) = -4*t + t + 4*t + 12 - 3. Suppose -5*q - 15 = 5. Determine r(q).
5
Let c(f) = 3*f**3 - 3*f**3 - f**3 - 5 + 2*f**3 - 7*f + 3*f**2. Give c(-4).
7
Let o(s) = -s**2 + s - 1. Let r(i) = -5*i**2 + 5*i - 10. Let q(a) = -6*o(a) + r(a). Let f be (-7)/(-1*3/3). Suppose -f*m = -2*m - 15. Give q(m).
2
Let k = 0 + -3. Let p = 5 + k. Let u(n) = 4*n**p + n + n**3 - 4 - 2 - 8*n. What is u(-5)?
4
Let k(r) = 5*r**2 - 1. Let z(b) = -2*b - 22. Let l be z(-10). Give k(l).
19
Let p(a) = a**2 + 1. Let s(b) = -b + 4. Let q(v) = 2*p(v) - s(v). Calculate q(-2).
4
Suppose -37 + 12 = -5*d. Let u = 6 - d. Let v(c) = -c**